87 a prime number?
False
Is 61785133 a composite number?
False
Is 1274326 a composite number?
True
Is 1219061 a composite number?
False
Is 3655549 prime?
False
Is 1709663 prime?
True
Is 72166979 a prime number?
True
Is 28001053 composite?
False
Is 2794607 a composite number?
False
Is 578777 a composite number?
False
Is 3190751 composite?
False
Is 377463 prime?
False
Is 5083579 a prime number?
True
Is 40824499 prime?
True
Is 1339739 a prime number?
False
Is 3558059 prime?
True
Is 69087433 prime?
False
Is 56444195 a composite number?
True
Is 5952733 prime?
False
Is 3143131 prime?
True
Is 23343491 prime?
True
Is 163328257 a composite number?
False
Is 83642609 a composite number?
False
Is 66526301 a composite number?
True
Is 23249201 composite?
True
Is 9685237 a composite number?
True
Is 48947 a prime number?
True
Is 1290287 composite?
False
Is 480839 composite?
False
Is 2873671 a prime number?
True
Is 97135219 a prime number?
True
Is 27378679 a prime number?
False
Is 75526441 prime?
False
Is 519335 composite?
True
Is 9128957 a composite number?
False
Is 8601349 a prime number?
False
Is 86569903 prime?
False
Is 8782019 a composite number?
True
Is 240468629 a composite number?
False
Is 3166339 prime?
False
Is 4232309 prime?
True
Is 3235733 a prime number?
False
Is 2734643 composite?
False
Is 9148163 a prime number?
False
Is 438425947 a prime number?
True
Is 3835593527 a composite number?
False
Is 73704257 prime?
False
Is 101307049 composite?
True
Is 73065161 a composite number?
True
Is 10666547 a composite number?
False
Is 9038021 a composite number?
False
Is 105765817 prime?
False
Is 3307201 a composite number?
False
Is 16119874 composite?
True
Is 64563847 a prime number?
True
Is 51774607 a composite number?
True
Is 16532639 prime?
False
Is 6656669 a prime number?
False
Is 47934235 a composite number?
True
Is 7410409 a prime number?
True
Is 1157129 prime?
False
Is 68769089 a prime number?
True
Is 1590854 a composite number?
True
Is 303257 composite?
False
Is 23590439 composite?
False
Is 16457407 prime?
True
Is 23013059 composite?
False
Is 65870151 a prime number?
False
Is 41502647 prime?
True
Is 4664057 composite?
False
Is 27686699 prime?
True
Is 120521 a composite number?
True
Is 198763 a prime number?
False
Is 236469 a composite number?
True
Is 1463002 a composite number?
True
Is 1086665 prime?
False
Is 14048071 composite?
False
Is 14617173 a prime number?
False
Is 278402483 prime?
True
Is 67838717 a prime number?
True
Is 14203939 composite?
True
Is 714349 composite?
False
Is 25665227 prime?
False
Is 2872717 prime?
False
Is 52429907 composite?
True
Is 283506631 composite?
False
Is 709694 a composite number?
True
Is 168185949 composite?
True
Is 36046727 a prime number?
False
Is 34405237 a prime number?
False
Is 9552689 prime?
True
Is 1020541 a prime number?
True
Is 17190259 composite?
True
Is 126556423 prime?
False
Is 4272293 a prime number?
False
Is 57210743 a composite number?
True
Is 50395349 composite?
False
Is 481409 a composite number?
False
Is 267622609 composite?
True
Is 921789107 composite?
False
Is 32839 a composite number?
False
Is 85887059 a composite number?
False
Is 272136383 composite?
True
Is 280499969 composite?
True
Is 9054137 prime?
True
Is 43609751 composite?
True
Is 2688221 prime?
True
Is 1681961 composite?
True
Is 16130167 prime?
True
Is 6611347 a composite number?
False
Is 4329583 prime?
False
Is 181835023 a composite number?
True
Is 46774421 a composite number?
False
Is 76631 a prime number?
True
Is 22342357 a composite number?
False
Is 37823343 prime?
False
Is 8193147 composite?
True
Is 42951719 composite?
False
Is 1264345 a composite number?
True
Is 1763371373 a prime number?
True
Is 115375807 a composite number?
False
Is 111443623 prime?
True
Is 3472537 composite?
True
Is 9106519 a prime number?
False
Is 2378150627 prime?
True
Is 172092887 a composite number?
True
Is 85067543 a composite number?
True
Is 6924971 composite?
True
Is 1258559 a composite number?
False
Is 8189899 a prime number?
True
Is 4451381 composite?
True
Is 1022113 prime?
True
Is 22993 composite?
False
Is 261038081 a composite number?
True
Is 147274259 a composite number?
True
Is 1090553 a prime number?
True
Is 1292573 prime?
False
Is 121229 a prime number?
True
Is 20782031 prime?
True
Is 219383 composite?
True
Is 73931617 a composite number?
True
Is 2491655 composite?
True
Is 336332251 a prime number?
True
Is 76280642 composite?
True
Is 240551 composite?
False
Is 322826419 a prime number?
True
Is 5277743 prime?
False
Is 205703 composite?
False
Is 37257593 prime?
True
Is 91628749 prime?
False
Is 9631714 composite?
True
Is 801005 a composite number?
True
Is 991381 prime?
True
Is 2128829 a composite number?
True
Is 7190429 composite?
False
Is 69047299 composite?
False
Is 11617799 a composite number?
False
Is 6256903 a composite number?
True
Is 18222551 a composite number?
True
Is 102317 a prime number?
True
Is 33206989 a composite number?
False
Is 2014237 composite?
False
Is 69925357 a composite number?
True
Is 23907509 a composite number?
False
Is 2102083 prime?
True
Is 1066177 a prime number?
False
Is 66347977 a prime number?
True
Is 13854353 composite?
False
Is 5732113 prime?
True
Is 506682613 composite?
True
Is 257270251 a prime number?
False
Is 3102797 composite?
True
Is 64829339 composite?
True
Is 2028443503 prime?
True
Is 167370817 prime?
False
Is 18432191 a composite number?
False
Is 864757 a prime number?
True
Is 3187267 a composite number?
False
Is 321509431 a prime number?
False
Is 331863787 prime?
False
Is 9209593 a prime number?
True
Is 1091929 composite?
True
Is 17696479 composite?
False
Is 6190505 composite?
True
Is 24196171 composite?
False
Is 45995771 prime?
True
Is 1025389 prime?
False
Is 245686273 a composite number?
True
Is 3238889 a prime number?
False
Is 91501063 a prime number?
True
Is 123483 prime?
False
Is 3030959 composite?
True
Is 110550515 composite?
True
Is 950423 prime?
True
Is 106638443 composite?
True
Is 12501133 composite?
True
Is 2383061 a composite number?
True
Is 2126611 a prime number?
True
Is 29946659 composite?
False
Is 68467147 a prime number?
False
Is 555479 a composite number?
True
Is 44477663 prime?
False
Is 3397879 a prime number?
False
Is 5880989 a composite number?
True
Is 83089 a prime number?
True
Is 592170745 composite?
True
Is 4522207 a prime number?
False
Is 28266983 composite?
True
Is 65853727 a prime number?
True
Is 72883973 composite?
False
Is 4520179 composite?
True
Is 38044373 a prime number?
True
Is 1212221 composite?
False
Is 8835221 a prime number?
True
Is 40346407 a prime number?
False
Is 88211 prime?
True
Is 6618809 a composite number?
False
Is 257279006 a prime number?
False
Is 40741651 a prime number?
True
Is 3839755 composite?
True
Is 3690941 a prime number?
True
Is 186689473 a composite number?
False
Is 27726353 a composite number?
False
Is 3228209 composite?
False
Is 6816107 prime?
True
Is 168151387 a composite number?
True
Is 16763707 a composite number?
False
Is 1636186 a composite number?
True
Is 410981 a prime number?
False
Is 411302773 a composite number?
True
Is 5173859 a prime number?
True
Is 6453647 composite?
False
Is 2466851 prime?
True
Is 518043 a prime number?
False
Is 78991093 composite?
False
Is 15849043 a composite number?
True
Is 11114489 a composite number?
False
Is 44403991 prime?
True
Is 1882537 prime?
False
Is 952202 a prime number?
False
Is 52703279 a prime number?
False
Is 9052006 prime?
False
Is 904993 composite?
True
Is 7005891 a composite number?
True
Is 1122467 a composite number?
False
Is 30556159 a composite number?
True
Is 378289 a composite number?
False
Is 237579677 a composite number?
False
Is 3455857 prime?
True
Is 2664131 a prime number?
False
Is 205375387 prime?
False
Is 104153923 prime?
True
Is 160312641 a prime number?
False
Is 266038639 composite?
False
Is 10349221 a prime number?
False
Is 8620891 prime?
False
Is 557857 composite?
False
Is 25065713 a composite number?
True
Is 310993813 prime?
False
Is 149893 a prime number?
True
Is 1808161 prime?
True
Is 50173577 prime?
True
Is 4370179 a composite number?
True
Is 467119 composite?
False
Is 13173299 prime?
True
Is 274128109 a prime number?
True
Is 5837431 a composite number?
True
Is 510835549 a comp